{"id":2024,"date":"2023-03-28T22:34:14","date_gmt":"2023-03-28T22:34:14","guid":{"rendered":"http:\/\/www.gdynia2025.pstl.pl\/?page_id=2024"},"modified":"2023-03-28T22:35:42","modified_gmt":"2023-03-28T22:35:42","slug":"xxiv-halowe-mistrzostwa-polski-lekarzy-w-tenisie-mesko-cup-2023","status":"publish","type":"page","link":"http:\/\/www.gdynia2025.pstl.pl\/index.php\/xxiv-halowe-mistrzostwa-polski-lekarzy-w-tenisie-mesko-cup-2023\/","title":{"rendered":"XXIV Halowe Mistrzostwa Polski Lekarzy w Tenisie ,,Mesko Cup\u201d 2023"},"content":{"rendered":"\n<p><strong>Kielce (Korty Tenisowe Wschodnia, dywan hala)<\/strong><\/p>\n\n\n\n<p><strong>24-26.03.2023 r. (pi\u0105tek-niedziela)<\/strong><\/p>\n\n\n\n<p><a href=\"https:\/\/portal.pzt.pl\/TournamentResults.aspx?CategoryID=AIS&amp;Male=&amp;TournamentID=2CCC59B4-7B4C-4861-8725-EFBE131165A8\" data-type=\"URL\" data-id=\"https:\/\/portal.pzt.pl\/TournamentResults.aspx?CategoryID=AIS&amp;Male=&amp;TournamentID=2CCC59B4-7B4C-4861-8725-EFBE131165A8\" target=\"_blank\" rel=\"noreferrer noopener\">Wyniki &#8211; drabinki i grupy<\/a><\/p>\n\n\n\n<p>Zdj\u0119cia -&gt; <a rel=\"noreferrer noopener\" href=\"https:\/\/imgur.com\/a\/CKJWFsM\" data-type=\"URL\" data-id=\"https:\/\/imgur.com\/a\/CKJWFsM\" target=\"_blank\">cz\u0119\u015b\u0107 1<\/a><\/p>\n\n\n\n<iframe loading=\"lazy\" src=\"https:\/\/www.facebook.com\/plugins\/post.php?href=https%3A%2F%2Fwww.facebook.com%2Ftoppzt%2Fposts%2Fpfbid027avSZ22dqGP2bVxuw9ruLjeJKSGXuoB3XsNm58xFQ3oX4baBmpLtrUaiL6KTTZ68l&amp;show_text=true&amp;width=500\" width=\"500\" height=\"708\" style=\"border:none;overflow:hidden\" scrolling=\"no\" frameborder=\"0\" allowfullscreen=\"true\" allow=\"autoplay; clipboard-write; encrypted-media; picture-in-picture; web-share\"><\/iframe>\n\n\n\n<iframe loading=\"lazy\" src=\"https:\/\/www.facebook.com\/plugins\/post.php?href=https%3A%2F%2Fwww.facebook.com%2Ftoppzt%2Fposts%2Fpfbid0jZATjodVuh7yFmSQLqSTMq7PPqgoUj4HtBis9y1SpobWwUio46M1fRnd2tGqpPj1l&#038;show_text=true&#038;width=500\" width=\"500\" height=\"753\" style=\"border:none;overflow:hidden\" scrolling=\"no\" frameborder=\"0\" allowfullscreen=\"true\" allow=\"autoplay; clipboard-write; encrypted-media; picture-in-picture; web-share\"><\/iframe>\n","protected":false},"excerpt":{"rendered":"<p>Kielce (Korty Tenisowe Wschodnia, dywan hala) 24-26.03.2023 r. (pi\u0105tek-niedziela) Wyniki &#8211; drabinki i grupy Zdj\u0119cia -&gt; cz\u0119\u015b\u0107 1<\/p>\n","protected":false},"author":1,"featured_media":0,"parent":0,"menu_order":0,"comment_status":"closed","ping_status":"closed","template":"","meta":{"footnotes":""},"class_list":["post-2024","page","type-page","status-publish","hentry"],"_links":{"self":[{"href":"http:\/\/www.gdynia2025.pstl.pl\/index.php\/wp-json\/wp\/v2\/pages\/2024","targetHints":{"allow":["GET"]}}],"collection":[{"href":"http:\/\/www.gdynia2025.pstl.pl\/index.php\/wp-json\/wp\/v2\/pages"}],"about":[{"href":"http:\/\/www.gdynia2025.pstl.pl\/index.php\/wp-json\/wp\/v2\/types\/page"}],"author":[{"embeddable":true,"href":"http:\/\/www.gdynia2025.pstl.pl\/index.php\/wp-json\/wp\/v2\/users\/1"}],"replies":[{"embeddable":true,"href":"http:\/\/www.gdynia2025.pstl.pl\/index.php\/wp-json\/wp\/v2\/comments?post=2024"}],"version-history":[{"count":2,"href":"http:\/\/www.gdynia2025.pstl.pl\/index.php\/wp-json\/wp\/v2\/pages\/2024\/revisions"}],"predecessor-version":[{"id":2026,"href":"http:\/\/www.gdynia2025.pstl.pl\/index.php\/wp-json\/wp\/v2\/pages\/2024\/revisions\/2026"}],"wp:attachment":[{"href":"http:\/\/www.gdynia2025.pstl.pl\/index.php\/wp-json\/wp\/v2\/media?parent=2024"}],"curies":[{"name":"wp","href":"https:\/\/api.w.org\/{rel}","templated":true}]}}